{"id":87,"date":"2013-04-19T07:40:40","date_gmt":"2013-04-19T07:40:40","guid":{"rendered":"https:\/\/smc.ihcantabria.es\/SMC25\/?page_id=87"},"modified":"2017-03-13T12:38:24","modified_gmt":"2017-03-13T12:38:24","slug":"odin","status":"publish","type":"page","link":"https:\/\/smc.ihcantabria.es\/SMC25\/odin\/","title":{"rendered":"Od\u00edn"},"content":{"rendered":"<p><img loading=\"lazy\" decoding=\"async\" class=\"size-full wp-image-88 alignnone\" src=\"https:\/\/smc.ihcantabria.es\/SMC25\/wp-content\/uploads\/2013\/04\/logoOdin.gif\" alt=\"logoOdin\" width=\"200\" height=\"64\" \/><\/p>\n<p><strong>Caracterizaci\u00f3n de Oleajes y DIN\u00e1micas<\/strong><\/p>\n<p style=\"text-align: justify;\">Este programa caracteriza los oleajes que el usuario necesita dentro del SMC, la cual se lleva a cabo a partir de la base de datos de oleaje visual de barcos en ruta.<\/p>\n<p style=\"text-align: justify;\">El programa Od\u00edn permite obtener, para cualquier \u00e1rea de la costa espa\u00f1ola, la siguiente informaci\u00f3n:<\/p>\n<ul>\n<li style=\"text-align: justify;\">Los reg\u00edmenes medios direccionales del oleaje visual (alturas de ola y periodos) en profundidades indefinidas y una profundidad objetivo.<\/li>\n<li style=\"text-align: justify;\">Las caracter\u00edsticas del oleaje asociadas al flujo medio de energ\u00eda.<\/li>\n<li style=\"text-align: justify;\">Los oleajes que caracterizan las condiciones medias anuales.<\/li>\n<\/ul>\n<p style=\"text-align: center;\"><a href=\"https:\/\/smc.ihcantabria.es\/SMC25\/wp-content\/uploads\/2013\/04\/odin.png\"><img loading=\"lazy\" decoding=\"async\" class=\"size-medium wp-image-89 aligncenter\" src=\"https:\/\/smc.ihcantabria.es\/SMC25\/wp-content\/uploads\/2013\/04\/odin-300x229.png\" alt=\"odin\" width=\"300\" height=\"229\" srcset=\"https:\/\/smc.ihcantabria.es\/SMC25\/wp-content\/uploads\/2013\/04\/odin-300x229.png 300w, https:\/\/smc.ihcantabria.es\/SMC25\/wp-content\/uploads\/2013\/04\/odin.png 918w\" sizes=\"auto, (max-width: 300px) 100vw, 300px\" \/><\/a><\/p>\n<p><\/p>","protected":false},"excerpt":{"rendered":"<p>Caracterizaci\u00f3n de Oleajes y DIN\u00e1micas Este programa caracteriza los oleajes que el usuario necesita dentro del SMC, la cual se lleva a cabo a partir de la base de datos de oleaje visual de barcos en ruta. El programa Od\u00edn permite obtener, para cualquier \u00e1rea de la costa espa\u00f1ola, la siguiente informaci\u00f3n: Los reg\u00edmenes medios [&hellip;]<\/p>\n","protected":false},"author":2,"featured_media":0,"parent":0,"menu_order":0,"comment_status":"closed","ping_status":"open","template":"","meta":{"footnotes":""},"class_list":["post-87","page","type-page","status-publish","hentry"],"_links":{"self":[{"href":"https:\/\/smc.ihcantabria.es\/SMC25\/wp-json\/wp\/v2\/pages\/87","targetHints":{"allow":["GET"]}}],"collection":[{"href":"https:\/\/smc.ihcantabria.es\/SMC25\/wp-json\/wp\/v2\/pages"}],"about":[{"href":"https:\/\/smc.ihcantabria.es\/SMC25\/wp-json\/wp\/v2\/types\/page"}],"author":[{"embeddable":true,"href":"https:\/\/smc.ihcantabria.es\/SMC25\/wp-json\/wp\/v2\/users\/2"}],"replies":[{"embeddable":true,"href":"https:\/\/smc.ihcantabria.es\/SMC25\/wp-json\/wp\/v2\/comments?post=87"}],"version-history":[{"count":8,"href":"https:\/\/smc.ihcantabria.es\/SMC25\/wp-json\/wp\/v2\/pages\/87\/revisions"}],"predecessor-version":[{"id":1623,"href":"https:\/\/smc.ihcantabria.es\/SMC25\/wp-json\/wp\/v2\/pages\/87\/revisions\/1623"}],"wp:attachment":[{"href":"https:\/\/smc.ihcantabria.es\/SMC25\/wp-json\/wp\/v2\/media?parent=87"}],"curies":[{"name":"wp","href":"https:\/\/api.w.org\/{rel}","templated":true}]}}