{"id":81,"date":"2013-04-19T07:37:15","date_gmt":"2013-04-19T07:37:15","guid":{"rendered":"https:\/\/smc.ihcantabria.es\/SMC25\/?page_id=81"},"modified":"2015-10-08T21:24:19","modified_gmt":"2015-10-08T21:24:19","slug":"atlas","status":"publish","type":"page","link":"https:\/\/smc.ihcantabria.es\/SMC25\/atlas\/","title":{"rendered":"Atlas"},"content":{"rendered":"<p><img loading=\"lazy\" decoding=\"async\" class=\"size-full wp-image-82 alignnone\" src=\"https:\/\/smc.ihcantabria.es\/SMC25\/wp-content\/uploads\/2013\/04\/logoAtlas.gif\" alt=\"logoAtlas\" width=\"200\" height=\"64\" \/><\/p>\n<p><strong>Atlas de Inundaci\u00f3n del Litoral Peninsular Espa\u00f1ol<\/strong><\/p>\n<p style=\"text-align: justify;\">El programa Atlas tiene como objeto la visualizaci\u00f3n de los resultados obtenidos en el Documento Tem\u00e1tico de Cota de Inundaci\u00f3n del Proyecto \u00abDesarrollo de un Modelo de Ayuda a la Gesti\u00f3n del Litoral\u00bb.<\/p>\n<p style=\"text-align: justify;\">El programa permite obtener los reg\u00edmenes medios y extremos de nivel de marea y de cota de inundaci\u00f3n de playas abiertas del litoral peninsular espa\u00f1ol.<\/p>\n<p style=\"text-align: justify;\">Algunos de los posibles usos del programa Atlas son:<\/p>\n<ul>\n<li style=\"text-align: justify;\">Determinaci\u00f3n de la cota de berma asociada a los perfiles de playa.<\/li>\n<li style=\"text-align: justify;\">Determinaci\u00f3n de la cota asociada al nivel de marea.<\/li>\n<li style=\"text-align: justify;\">Definici\u00f3n de cotas de francobordo para el dise\u00f1o de obras costeras (diques, paseos mar\u00edtimos, muros, etc.).<\/li>\n<\/ul>\n<p style=\"text-align: center;\"><a href=\"https:\/\/smc.ihcantabria.es\/SMC25\/wp-content\/uploads\/2013\/04\/atlas.png\"><img loading=\"lazy\" decoding=\"async\" class=\"size-medium wp-image-83 aligncenter\" src=\"https:\/\/smc.ihcantabria.es\/SMC25\/wp-content\/uploads\/2013\/04\/atlas-300x232.png\" alt=\"atlas\" width=\"300\" height=\"232\" srcset=\"https:\/\/smc.ihcantabria.es\/SMC25\/wp-content\/uploads\/2013\/04\/atlas-300x232.png 300w, https:\/\/smc.ihcantabria.es\/SMC25\/wp-content\/uploads\/2013\/04\/atlas.png 919w\" sizes=\"auto, (max-width: 300px) 100vw, 300px\" \/><\/a><\/p>\n<p><\/p>","protected":false},"excerpt":{"rendered":"<p>Atlas de Inundaci\u00f3n del Litoral Peninsular Espa\u00f1ol El programa Atlas tiene como objeto la visualizaci\u00f3n de los resultados obtenidos en el Documento Tem\u00e1tico de Cota de Inundaci\u00f3n del Proyecto \u00abDesarrollo de un Modelo de Ayuda a la Gesti\u00f3n del Litoral\u00bb. El programa permite obtener los reg\u00edmenes medios y extremos de nivel de marea y de [&hellip;]<\/p>\n","protected":false},"author":2,"featured_media":0,"parent":0,"menu_order":0,"comment_status":"closed","ping_status":"open","template":"","meta":{"footnotes":""},"class_list":["post-81","page","type-page","status-publish","hentry"],"_links":{"self":[{"href":"https:\/\/smc.ihcantabria.es\/SMC25\/wp-json\/wp\/v2\/pages\/81","targetHints":{"allow":["GET"]}}],"collection":[{"href":"https:\/\/smc.ihcantabria.es\/SMC25\/wp-json\/wp\/v2\/pages"}],"about":[{"href":"https:\/\/smc.ihcantabria.es\/SMC25\/wp-json\/wp\/v2\/types\/page"}],"author":[{"embeddable":true,"href":"https:\/\/smc.ihcantabria.es\/SMC25\/wp-json\/wp\/v2\/users\/2"}],"replies":[{"embeddable":true,"href":"https:\/\/smc.ihcantabria.es\/SMC25\/wp-json\/wp\/v2\/comments?post=81"}],"version-history":[{"count":19,"href":"https:\/\/smc.ihcantabria.es\/SMC25\/wp-json\/wp\/v2\/pages\/81\/revisions"}],"predecessor-version":[{"id":724,"href":"https:\/\/smc.ihcantabria.es\/SMC25\/wp-json\/wp\/v2\/pages\/81\/revisions\/724"}],"wp:attachment":[{"href":"https:\/\/smc.ihcantabria.es\/SMC25\/wp-json\/wp\/v2\/media?parent=81"}],"curies":[{"name":"wp","href":"https:\/\/api.w.org\/{rel}","templated":true}]}}