{"id":54,"date":"2013-04-18T14:32:42","date_gmt":"2013-04-18T14:32:42","guid":{"rendered":"https:\/\/smc.ihcantabria.es\/SMC25\/?page_id=54"},"modified":"2017-03-13T13:05:12","modified_gmt":"2017-03-13T13:05:12","slug":"descarga-software","status":"publish","type":"page","link":"https:\/\/smc.ihcantabria.es\/SMC25\/descarga-software\/","title":{"rendered":"Descarga Software"},"content":{"rendered":"<p><strong>Sistema de Modelado Costero &#8211; Versi\u00f3n 2.5<\/strong><\/p>\n<div><\/div>\n<div><strong>SMC V2.5 &#8211; Espa\u00f1a (en espa\u00f1ol)<\/strong><br \/>\n17\/01\/2011\u00a0&#8211;\u00a0IHCantabria<\/p>\n<div>\n<ul>\n<li><a href=\"https:\/\/smc.ihcantabria.es\/SMC25\/?attachment_id=620\">Programa<\/a>.<\/li>\n<\/ul>\n<\/div>\n<\/div>\n<div><\/div>\n<div><strong>SMC V2.5 &#8211; Espa\u00f1a (versi\u00f3n reducida, en ingl\u00e9s)<\/strong><br \/>\n17\/01\/2011\u00a0&#8211;\u00a0IHCantabria<\/p>\n<div>\n<ul>\n<li><a href=\"https:\/\/smc.ihcantabria.es\/SMC25\/?attachment_id=619\">Programa<\/a>.<\/li>\n<\/ul>\n<\/div>\n<\/div>\n<div><\/div>\n<div><strong>SMC V2.5 &#8211; T\u00fanez (en franc\u00e9s)<\/strong><br \/>\n17\/01\/2011\u00a0&#8211;\u00a0IHCantabria<\/p>\n<div>\n<ul>\n<li><a href=\"https:\/\/smc.ihcantabria.es\/SMC25\/?attachment_id=621\">Programa<\/a>.<\/li>\n<\/ul>\n<\/div>\n<\/div>\n<p><\/p>","protected":false},"excerpt":{"rendered":"<p>Sistema de Modelado Costero &#8211; Versi\u00f3n 2.5 SMC V2.5 &#8211; Espa\u00f1a (en espa\u00f1ol) 17\/01\/2011\u00a0&#8211;\u00a0IHCantabria Programa. SMC V2.5 &#8211; Espa\u00f1a (versi\u00f3n reducida, en ingl\u00e9s) 17\/01\/2011\u00a0&#8211;\u00a0IHCantabria Programa. SMC V2.5 &#8211; T\u00fanez (en franc\u00e9s) 17\/01\/2011\u00a0&#8211;\u00a0IHCantabria Programa.<\/p>\n","protected":false},"author":2,"featured_media":0,"parent":0,"menu_order":0,"comment_status":"closed","ping_status":"open","template":"","meta":{"footnotes":""},"class_list":["post-54","page","type-page","status-publish","hentry"],"_links":{"self":[{"href":"https:\/\/smc.ihcantabria.es\/SMC25\/wp-json\/wp\/v2\/pages\/54","targetHints":{"allow":["GET"]}}],"collection":[{"href":"https:\/\/smc.ihcantabria.es\/SMC25\/wp-json\/wp\/v2\/pages"}],"about":[{"href":"https:\/\/smc.ihcantabria.es\/SMC25\/wp-json\/wp\/v2\/types\/page"}],"author":[{"embeddable":true,"href":"https:\/\/smc.ihcantabria.es\/SMC25\/wp-json\/wp\/v2\/users\/2"}],"replies":[{"embeddable":true,"href":"https:\/\/smc.ihcantabria.es\/SMC25\/wp-json\/wp\/v2\/comments?post=54"}],"version-history":[{"count":13,"href":"https:\/\/smc.ihcantabria.es\/SMC25\/wp-json\/wp\/v2\/pages\/54\/revisions"}],"predecessor-version":[{"id":5071,"href":"https:\/\/smc.ihcantabria.es\/SMC25\/wp-json\/wp\/v2\/pages\/54\/revisions\/5071"}],"wp:attachment":[{"href":"https:\/\/smc.ihcantabria.es\/SMC25\/wp-json\/wp\/v2\/media?parent=54"}],"curies":[{"name":"wp","href":"https:\/\/api.w.org\/{rel}","templated":true}]}}