{"id":48,"date":"2013-04-18T14:28:49","date_gmt":"2013-04-18T14:28:49","guid":{"rendered":"https:\/\/smc.ihcantabria.es\/SMC25\/?page_id=48"},"modified":"2017-03-13T12:44:39","modified_gmt":"2017-03-13T12:44:39","slug":"programas","status":"publish","type":"page","link":"https:\/\/smc.ihcantabria.es\/SMC25\/programas\/","title":{"rendered":"Programas"},"content":{"rendered":"<p><\/p>\n<table style=\"height: 132px;\" width=\"600\">\n<tbody>\n<tr>\n<td><a href=\"https:\/\/smc.ihcantabria.es\/SMC25\/wp-content\/uploads\/2013\/04\/logoSMC.gif\"><img loading=\"lazy\" decoding=\"async\" class=\"alignleft size-full wp-image-43\" src=\"https:\/\/smc.ihcantabria.es\/SMC25\/wp-content\/uploads\/2013\/04\/logoSMC.gif\" alt=\"logoSMC\" width=\"200\" height=\"64\" \/><\/a><\/td>\n<\/tr>\n<tr>\n<td><strong>Sistema de Modelado Costero\u00a0(Version 2.5)<\/strong><\/td>\n<\/tr>\n<tr>\n<td>\n<p style=\"text-align: justify;\">El Sistema de Modelado Costero es un conjunto de aplicaciones y modelos num\u00e9ricos estructurados de acuerdo con las escalas espaciales y temporales de las diversas din\u00e1micas que afectan a la morfolog\u00eda de una playa.<\/p>\n<p style=\"text-align: justify;\">Todas las aplicaciones del Sistema de Modelado Costero est\u00e1n integradas en el programa SMC; pero tambi\u00e9n pueden ser ejecutadas de forma aut\u00f3noma. En ese sentido, el SMC puede ser visto como una aplicaci\u00f3n independiente con una funci\u00f3n concreta.<\/p>\n<p style=\"text-align: justify;\">La estructura del SMC y su relaci\u00f3n con los documentos tem\u00e1tico y de referencia se resume en la siguiente tabla:<\/p>\n<\/td>\n<\/tr>\n<tr>\n<td><a href=\"https:\/\/smc.ihcantabria.es\/SMC25\/wp-content\/uploads\/2013\/04\/estructura.jpg\"><img loading=\"lazy\" decoding=\"async\" class=\"aligncenter size-full wp-image-44\" src=\"https:\/\/smc.ihcantabria.es\/SMC25\/wp-content\/uploads\/2013\/04\/estructura.jpg\" alt=\"estructura\" width=\"580\" height=\"490\" srcset=\"https:\/\/smc.ihcantabria.es\/SMC25\/wp-content\/uploads\/2013\/04\/estructura.jpg 580w, https:\/\/smc.ihcantabria.es\/SMC25\/wp-content\/uploads\/2013\/04\/estructura-300x253.jpg 300w\" sizes=\"auto, (max-width: 580px) 100vw, 580px\" \/><\/a><\/td>\n<\/tr>\n<tr>\n<td style=\"text-align: center;\"><\/td>\n<\/tr>\n<\/tbody>\n<\/table>\n<p>En los siguientes enlaces puede encontrar una breve descripci\u00f3n de los distintos m\u00f3dulos que integran el Sistema de Modelado Costero (<strong>SMC 2.5<\/strong>).<\/p>\n<ul>\n<li><strong><a href=\"https:\/\/smc.ihcantabria.es\/SMC25\/baco\/\">BACO<\/a>:\u00a0\u00a0<\/strong>Informaci\u00f3n batim\u00e9trica y l\u00edneas de costa<\/li>\n<li><strong><a href=\"https:\/\/smc.ihcantabria.es\/SMC25\/atlas\/\">ATLAS<\/a>:\u00a0<\/strong>Determinaci\u00f3n de la cota de inundaci\u00f3n<\/li>\n<li><strong><a href=\"https:\/\/smc.ihcantabria.es\/SMC25\/es\/odin\/\">ODIN<\/a>:\u00a0<\/strong>Caracterizaci\u00f3n del oleaje y din\u00e1micas<\/li>\n<li><strong><a href=\"https:\/\/smc.ihcantabria.es\/SMC25\/es\/mopla\/\">MOPLA<\/a>:\u00a0<\/strong>Evoluci\u00f3n morfodin\u00e1mica de playas<\/li>\n<li><strong><a href=\"https:\/\/smc.ihcantabria.es\/SMC25\/es\/petra\/\">PETRA<\/a>:\u00a0<\/strong>Evoluci\u00f3n del perfil transversal en playas<\/li>\n<li><strong><a href=\"https:\/\/smc.ihcantabria.es\/SMC25\/es\/tic\/\">TIC<\/a>:\u00a0<\/strong>Formulaciones y procedimientos en Ingenier\u00eda de Costas<\/li>\n<\/ul>\n<p>&nbsp;<\/p>\n<p>&nbsp;<\/p>","protected":false},"excerpt":{"rendered":"<p>Sistema de Modelado Costero\u00a0(Version 2.5) El Sistema de Modelado Costero es un conjunto de aplicaciones y modelos num\u00e9ricos estructurados de acuerdo con las escalas espaciales y temporales de las diversas din\u00e1micas que afectan a la morfolog\u00eda de una playa. Todas las aplicaciones del Sistema de Modelado Costero est\u00e1n integradas en el programa SMC; pero tambi\u00e9n [&hellip;]<\/p>\n","protected":false},"author":2,"featured_media":0,"parent":0,"menu_order":0,"comment_status":"closed","ping_status":"open","template":"","meta":{"footnotes":""},"class_list":["post-48","page","type-page","status-publish","hentry"],"_links":{"self":[{"href":"https:\/\/smc.ihcantabria.es\/SMC25\/wp-json\/wp\/v2\/pages\/48","targetHints":{"allow":["GET"]}}],"collection":[{"href":"https:\/\/smc.ihcantabria.es\/SMC25\/wp-json\/wp\/v2\/pages"}],"about":[{"href":"https:\/\/smc.ihcantabria.es\/SMC25\/wp-json\/wp\/v2\/types\/page"}],"author":[{"embeddable":true,"href":"https:\/\/smc.ihcantabria.es\/SMC25\/wp-json\/wp\/v2\/users\/2"}],"replies":[{"embeddable":true,"href":"https:\/\/smc.ihcantabria.es\/SMC25\/wp-json\/wp\/v2\/comments?post=48"}],"version-history":[{"count":45,"href":"https:\/\/smc.ihcantabria.es\/SMC25\/wp-json\/wp\/v2\/pages\/48\/revisions"}],"predecessor-version":[{"id":1625,"href":"https:\/\/smc.ihcantabria.es\/SMC25\/wp-json\/wp\/v2\/pages\/48\/revisions\/1625"}],"wp:attachment":[{"href":"https:\/\/smc.ihcantabria.es\/SMC25\/wp-json\/wp\/v2\/media?parent=48"}],"curies":[{"name":"wp","href":"https:\/\/api.w.org\/{rel}","templated":true}]}}